{"id":12,"date":"2021-02-23T13:33:05","date_gmt":"2021-02-23T13:33:05","guid":{"rendered":"https:\/\/silbernagl-ofenbau.de\/?page_id=12"},"modified":"2021-02-26T10:23:22","modified_gmt":"2021-02-26T10:23:22","slug":"kaminoefen","status":"publish","type":"page","link":"https:\/\/silbernagl-ofenbau.de\/?page_id=12","title":{"rendered":"Kamin\u00f6fen"},"content":{"rendered":"\n<div class=\"wp-block-image\"><figure class=\"alignleft size-large is-resized\"><img loading=\"lazy\" decoding=\"async\" src=\"https:\/\/silbernagl-ofenbau.de\/wp-content\/uploads\/2021\/02\/Hark_44_5_3_eco_cremeweiss_st_3001_Ausschnitt_P-767x1024.jpg\" alt=\"\" class=\"wp-image-83\" width=\"236\" height=\"315\" srcset=\"https:\/\/silbernagl-ofenbau.de\/wp-content\/uploads\/2021\/02\/Hark_44_5_3_eco_cremeweiss_st_3001_Ausschnitt_P-767x1024.jpg 767w, https:\/\/silbernagl-ofenbau.de\/wp-content\/uploads\/2021\/02\/Hark_44_5_3_eco_cremeweiss_st_3001_Ausschnitt_P-225x300.jpg 225w, https:\/\/silbernagl-ofenbau.de\/wp-content\/uploads\/2021\/02\/Hark_44_5_3_eco_cremeweiss_st_3001_Ausschnitt_P-768x1025.jpg 768w, https:\/\/silbernagl-ofenbau.de\/wp-content\/uploads\/2021\/02\/Hark_44_5_3_eco_cremeweiss_st_3001_Ausschnitt_P-1151x1536.jpg 1151w, https:\/\/silbernagl-ofenbau.de\/wp-content\/uploads\/2021\/02\/Hark_44_5_3_eco_cremeweiss_st_3001_Ausschnitt_P-1534x2048.jpg 1534w, https:\/\/silbernagl-ofenbau.de\/wp-content\/uploads\/2021\/02\/Hark_44_5_3_eco_cremeweiss_st_3001_Ausschnitt_P-112x150.jpg 112w, https:\/\/silbernagl-ofenbau.de\/wp-content\/uploads\/2021\/02\/Hark_44_5_3_eco_cremeweiss_st_3001_Ausschnitt_P-scaled.jpg 1918w\" sizes=\"auto, (max-width: 236px) 100vw, 236px\" \/><\/figure><\/div>\n\n\n\n<p>Die herausragenden Merkmale eines Kaminofen sind: <strong>G\u00fcnstiger Preis<\/strong>&nbsp;und <strong>schnelle W\u00e4rmeabgabe<\/strong>! Eine spezielle Scheibenhinterl\u00fcftung minimiert den Ru\u00dfbelag auf den gro\u00dfen Sichtscheiben. Durch die F\u00fclle an Verkleidungen und T\u00fcrveredelungen k\u00f6nnen Sie sich Ihren individuellen Kaminofen zusammenstellen. Aufgrund der speziellen Bauform wird eine lange Lebensdauer gew\u00e4hrleistet! Sehen Sie dazu auch die neueste <a href=\"https:\/\/silbernagl-ofenbau.de\/?page_id=2\" data-type=\"page\" data-id=\"2\">Eco<em>plus<\/em>&nbsp;Technik<\/a>.<\/p>\n\n\n\nngg_shortcode_0_placeholder\n","protected":false},"excerpt":{"rendered":"<p>Die herausragenden Merkmale eines Kaminofen sind: G\u00fcnstiger Preis&nbsp;und schnelle W\u00e4rmeabgabe! Eine spezielle Scheibenhinterl\u00fcftung minimiert den Ru\u00dfbelag auf den gro\u00dfen Sichtscheiben. Durch die F\u00fclle an Verkleidungen und T\u00fcrveredelungen k\u00f6nnen Sie sich <a class=\"more-link\" href=\"https:\/\/silbernagl-ofenbau.de\/?page_id=12\">weiterlesen&#8230;<\/a><\/p>\n","protected":false},"author":1,"featured_media":0,"parent":0,"menu_order":0,"comment_status":"closed","ping_status":"closed","template":"","meta":{"ngg_post_thumbnail":0,"footnotes":""},"class_list":["post-12","page","type-page","status-publish","hentry"],"_links":{"self":[{"href":"https:\/\/silbernagl-ofenbau.de\/index.php?rest_route=\/wp\/v2\/pages\/12","targetHints":{"allow":["GET"]}}],"collection":[{"href":"https:\/\/silbernagl-ofenbau.de\/index.php?rest_route=\/wp\/v2\/pages"}],"about":[{"href":"https:\/\/silbernagl-ofenbau.de\/index.php?rest_route=\/wp\/v2\/types\/page"}],"author":[{"embeddable":true,"href":"https:\/\/silbernagl-ofenbau.de\/index.php?rest_route=\/wp\/v2\/users\/1"}],"replies":[{"embeddable":true,"href":"https:\/\/silbernagl-ofenbau.de\/index.php?rest_route=%2Fwp%2Fv2%2Fcomments&post=12"}],"version-history":[{"count":7,"href":"https:\/\/silbernagl-ofenbau.de\/index.php?rest_route=\/wp\/v2\/pages\/12\/revisions"}],"predecessor-version":[{"id":195,"href":"https:\/\/silbernagl-ofenbau.de\/index.php?rest_route=\/wp\/v2\/pages\/12\/revisions\/195"}],"wp:attachment":[{"href":"https:\/\/silbernagl-ofenbau.de\/index.php?rest_route=%2Fwp%2Fv2%2Fmedia&parent=12"}],"curies":[{"name":"wp","href":"https:\/\/api.w.org\/{rel}","templated":true}]}}

Kaminöfen

<div class="wp-block-image"><figure class="alignleft size-large is-resized"><img loading="lazy" decoding="async" src="https://silbernagl-ofenbau.de/wp-content/uploads/2021/02/Hark_44_5_3_eco_cremeweiss_st_3001_Ausschnitt_P-767x1024.jpg" alt="" class="wp-image-83" width="236" height="315" srcset="https://silbernagl-ofenbau.de/wp-content/uploads/2021/02/Hark_44_5_3_eco_cremeweiss_st_3001_Ausschnitt_P-767x1024.jpg 767w, https://silbernagl-ofenbau.de/wp-content/uploads/2021/02/Hark_44_5_3_eco_cremeweiss_st_3001_Ausschnitt_P-225x300.jpg 225w, https://silbernagl-ofenbau.de/wp-content/uploads/2021/02/Hark_44_5_3_eco_cremeweiss_st_3001_Ausschnitt_P-768x1025.jpg 768w, https://silbernagl-ofenbau.de/wp-content/uploads/2021/02/Hark_44_5_3_eco_cremeweiss_st_3001_Ausschnitt_P-1151x1536.jpg 1151w, https://silbernagl-ofenbau.de/wp-content/uploads/2021/02/Hark_44_5_3_eco_cremeweiss_st_3001_Ausschnitt_P-1534x2048.jpg 1534w, https://silbernagl-ofenbau.de/wp-content/uploads/2021/02/Hark_44_5_3_eco_cremeweiss_st_3001_Ausschnitt_P-112x150.jpg 112w, https://silbernagl-ofenbau.de/wp-content/uploads/2021/02/Hark_44_5_3_eco_cremeweiss_st_3001_Ausschnitt_P-scaled.jpg 1918w" sizes="auto, (max-width: 236px) 100vw, 236px" /></figure></div>



<p>Die herausragenden Merkmale eines Kaminofen sind: <strong>Günstiger Preis</strong>&nbsp;und <strong>schnelle Wärmeabgabe</strong>! Eine spezielle Scheibenhinterlüftung minimiert den Rußbelag auf den großen Sichtscheiben. Durch die Fülle an Verkleidungen und Türveredelungen können Sie sich Ihren individuellen Kaminofen zusammenstellen. Aufgrund der speziellen Bauform wird eine lange Lebensdauer gewährleistet! Sehen Sie dazu auch die neueste <a href="https://silbernagl-ofenbau.de/?page_id=2" data-type="page" data-id="2">Eco<em>plus</em>&nbsp;Technik</a>.</p>



ngg_shortcode_0_placeholder

<p>Die herausragenden Merkmale eines Kaminofen sind: Günstiger Preis&nbsp;und schnelle Wärmeabgabe! Eine spezielle Scheibenhinterlüftung minimiert den Rußbelag auf den großen Sichtscheiben. Durch die Fülle an Verkleidungen und Türveredelungen können Sie sich <a class="more-link" href="https://silbernagl-ofenbau.de/?page_id=12">weiterlesen&#8230;</a></p>
