{"id":17,"date":"2021-02-23T13:33:05","date_gmt":"2021-02-23T13:33:05","guid":{"rendered":"https:\/\/silbernagl-ofenbau.de\/?page_id=17"},"modified":"2021-02-26T10:23:34","modified_gmt":"2021-02-26T10:23:34","slug":"pelletoefen","status":"publish","type":"page","link":"https:\/\/silbernagl-ofenbau.de\/?page_id=17","title":{"rendered":"Pellet\u00f6fen"},"content":{"rendered":"\n<div class=\"wp-block-image\"><figure class=\"alignleft size-large is-resized\"><img loading=\"lazy\" decoding=\"async\" src=\"https:\/\/silbernagl-ofenbau.de\/wp-content\/uploads\/2021\/02\/Ecomat_6_schwarz_glaenzend_P2-1024x767.jpg\" alt=\"\" class=\"wp-image-40\" width=\"254\" height=\"190\" srcset=\"https:\/\/silbernagl-ofenbau.de\/wp-content\/uploads\/2021\/02\/Ecomat_6_schwarz_glaenzend_P2-1024x767.jpg 1024w, https:\/\/silbernagl-ofenbau.de\/wp-content\/uploads\/2021\/02\/Ecomat_6_schwarz_glaenzend_P2-300x225.jpg 300w, https:\/\/silbernagl-ofenbau.de\/wp-content\/uploads\/2021\/02\/Ecomat_6_schwarz_glaenzend_P2-768x576.jpg 768w, https:\/\/silbernagl-ofenbau.de\/wp-content\/uploads\/2021\/02\/Ecomat_6_schwarz_glaenzend_P2-1536x1151.jpg 1536w, https:\/\/silbernagl-ofenbau.de\/wp-content\/uploads\/2021\/02\/Ecomat_6_schwarz_glaenzend_P2-2048x1535.jpg 2048w, https:\/\/silbernagl-ofenbau.de\/wp-content\/uploads\/2021\/02\/Ecomat_6_schwarz_glaenzend_P2-200x150.jpg 200w\" sizes=\"auto, (max-width: 254px) 100vw, 254px\" \/><\/figure><\/div>\n\n\n\n<p>Ein Pelletofen bietet viele Vorteile, unter anderem hohe Sicherheit, viel Komfort und Bequemlichkeit in der Bedienung. Kein Wunder also, dass sich Pellet\u00f6fen immer gr\u00f6\u00dferer Beliebtheit erfreuen. Im Gegensatz zu einem konventionellen <a href=\"https:\/\/www.hark.de\/kamine\/\"> <\/a><a href=\"https:\/\/silbernagl-ofenbau.de\/?page_id=13\" data-type=\"page\" data-id=\"13\">Kamin<\/a> oder <a href=\"https:\/\/silbernagl-ofenbau.de\/?page_id=12\" data-type=\"page\" data-id=\"12\">Kaminofen<\/a> werden keine Holzscheite, sondern lediglich 20 bis 50 mm kleine Holzpresslingen, die sogenannten <strong>Holzpellets<\/strong>, verbrannt. Die Pellets werden in S\u00e4cken oder als Sch\u00fcttware geliefert. Mit einem Gewicht von 15 kg sind die S\u00e4cke gut zu tragen und lassen sich \u2013 trockene Verh\u00e4ltnisse vorausgesetzt \u2013 problemlos im Keller oder in der Garage lagern.<\/p>\n\n\n\n<p>Da die kleinen Presslinge aus Holzsp\u00e4nen mithilfe von Wasser und Maisst\u00e4rke als Bindemittel stabilisiert werden, kann bei hochwertigen Pellets auf die Verwendung chemischer Zusatzstoffe verzichtet werden. Und nicht zuletzt gestaltet sich auch das Nachf\u00fcllen eines Pelletofens dank der kleinen, leichten Pellets ebenso einfach wie sauber. Schmutz und Staub sind im Gegensatz zur Verwendung von Holz oder Kohle kein Thema.<\/p>\n\n\n\n<p style=\"font-size:10px\">(Quelle: www.hark.de)<\/p>\n\n\n\nngg_shortcode_0_placeholder\n","protected":false},"excerpt":{"rendered":"<p>Ein Pelletofen bietet viele Vorteile, unter anderem hohe Sicherheit, viel Komfort und Bequemlichkeit in der Bedienung. Kein Wunder also, dass sich Pellet\u00f6fen immer gr\u00f6\u00dferer Beliebtheit erfreuen. Im Gegensatz zu einem <a class=\"more-link\" href=\"https:\/\/silbernagl-ofenbau.de\/?page_id=17\">weiterlesen&#8230;<\/a><\/p>\n","protected":false},"author":1,"featured_media":0,"parent":0,"menu_order":0,"comment_status":"closed","ping_status":"closed","template":"","meta":{"ngg_post_thumbnail":0,"footnotes":""},"class_list":["post-17","page","type-page","status-publish","hentry"],"_links":{"self":[{"href":"https:\/\/silbernagl-ofenbau.de\/index.php?rest_route=\/wp\/v2\/pages\/17","targetHints":{"allow":["GET"]}}],"collection":[{"href":"https:\/\/silbernagl-ofenbau.de\/index.php?rest_route=\/wp\/v2\/pages"}],"about":[{"href":"https:\/\/silbernagl-ofenbau.de\/index.php?rest_route=\/wp\/v2\/types\/page"}],"author":[{"embeddable":true,"href":"https:\/\/silbernagl-ofenbau.de\/index.php?rest_route=\/wp\/v2\/users\/1"}],"replies":[{"embeddable":true,"href":"https:\/\/silbernagl-ofenbau.de\/index.php?rest_route=%2Fwp%2Fv2%2Fcomments&post=17"}],"version-history":[{"count":6,"href":"https:\/\/silbernagl-ofenbau.de\/index.php?rest_route=\/wp\/v2\/pages\/17\/revisions"}],"predecessor-version":[{"id":196,"href":"https:\/\/silbernagl-ofenbau.de\/index.php?rest_route=\/wp\/v2\/pages\/17\/revisions\/196"}],"wp:attachment":[{"href":"https:\/\/silbernagl-ofenbau.de\/index.php?rest_route=%2Fwp%2Fv2%2Fmedia&parent=17"}],"curies":[{"name":"wp","href":"https:\/\/api.w.org\/{rel}","templated":true}]}}